)/1. Let a(j) = j**3 + 18*j**2 - 19*j + 9. Let s be a(-19). Calculate the greatest common factor of w and s.
9
Suppose 0 = 18*s - 1003 - 167. What is the greatest common divisor of 78 and s?
13
Let r(c) = -16*c - 1. Let q be r(5). Let s be (3 - 2)/((-3)/q). Let g(u) = 92*u + 16. Let i be g(1). What is the highest common factor of s and i?
27
Suppose -85 = -4*c + 11. Suppose 0 = 5*i - 3*i - c. Suppose 10*s = i*s - 120. What is the greatest common factor of 12 and s?
12
Let x = -13 + 17. Suppose c + 8 = -2*d, -x*c - 17 = -2*d + 7*d. Suppose 0 = c*u - 5*u + 45. What is the greatest common factor of u and 60?
15
Suppose 0 = -4*r - 2*n + 524, -108 - 404 = -4*r - 5*n. Let z = -1 + 20. Calculate the greatest common factor of z and r.
19
Let l = -75 - -216. Suppose 0 = 2*z - 4*c - 119 - l, -3*z - 2*c = -374. Calculate the highest common divisor of z and 14.
14
Suppose 0 = -3*c + 48 + 96. Let u be 0/4 + -1 - 2. Let i be u*((-29)/3 + -3 - -2). Calculate the greatest common factor of i and c.
16
Let g = 64 - 16. Let s = g + -23. What is the greatest common divisor of 225 and s?
25
Suppose 0 = 8*z + 217 - 737. Calculate the highest common divisor of 221 and z.
13
Suppose -2*q - 17 = -5*t - 54, -3*q - 4*t = -44. What is the highest common divisor of q and 272?
16
Let x be ((-1)/(-2))/((-1)/(-4)). Suppose x*a - 3*q = -0*a + 711, a - 2*q = 357. What is the highest common divisor of a and 39?
39
Suppose 48 = -0*v + 2*v. Let s be (v/30)/(6/975). What is the greatest common divisor of s and 26?
26
Let q(n) = -n**3 - 8*n**2 - n - 11. Let p be q(-8). Let b = 10 - p. What is the greatest common divisor of 13 and b?
13
Suppose -5*z + p - 114 = 0, -5*p - 138 = 5*z - 18. Let w = 37 + z. Calculate the greatest common factor of w and 126.
14
Let j = -2158 - -3698. Calculate the greatest common divisor of j and 22.
22
Suppose -3*f + 350 = 5*a - 114, 5*a - 440 = 5*f. Suppose m = 3*o + 35 - 170, -3*m = -5*o + 225. Let s = o + a. Calculate the highest common divisor of s and 17.
17
Let m be 1027/3 + 3 + (-21)/9. Let s = -187 + m. Calculate the greatest common factor of s and 13.
13
Suppose 2*d + 2*d - 16 = 0. Suppose -505 = -4*m + 3*o, -d*m = -3*m + 3*o - 145. Let i be (26/5)/(-5 - (-130)/25). What is the greatest common factor of i and m?
26
Let w = -18 - -21. Suppose -w*q - 95 = -5*z, 65 = 3*z - 4*q - 3. What is the greatest common divisor of 24 and z?
8
Suppose 80 = 5*i - m, -48 = i - 4*i - 3*m. Suppose 4*n - 5*o - 84 = 0, n - 3*o = -3*n + 76. Calculate the greatest common factor of i and n.
16
Suppose 102*t + 1600 = 107*t. Calculate the highest common factor of 448 and t.
64
Let t(s) = s + 15. Let f be t(-10). Let b(n) = 8 + 8*n + n + f + 4. Let r be b(9). Calculate the highest common divisor of 14 and r.
14
Let x(l) = -l**3 - 12*l**2 + l + 13. Let d be x(-12). Let o be (3 - d)*228/24. Calculate the highest common divisor of 19 and o.
19
Let x(d) = -d**3 + 14*d**2 + 17*d - 1. Let u be x(15). Let y = u - 19. Calculate the greatest common factor of y and 90.
10
Let m be (-38 - -41)*(2*9 - 1). Suppose -1 + m = 5*g. What is the greatest common divisor of g and 240?
10
Let a(w) = 2*w - 6. Let y be a(15). Let u(z) = -z**2 + 11*z + 2. Let p be u(6). What is the greatest common divisor of p and y?
8
Suppose 312 = 39*j - 27*j. What is the highest common divisor of j and 169?
13
Suppose 0 = 22*k - 825 + 429. What is the highest common factor of 180 and k?
18
Let d be ((-308)/10)/(2/(-70)). Let o = -1768 + 1770. Suppose -5*i = o*i - d. Calculate the highest common factor of 14 and i.
14
Suppose 20*r - 9*r - 1056 = 0. Calculate the greatest common factor of r and 1536.
96
Let o be -1 + -34 - (-8 - -5). Let t be 3*(o/12 + 3). Suppose -3*z = -5*x + z + 13, 4*x - z - 6 = 0. What is the greatest common factor of t and x?
1
Let h = -17 + 37. Let u = 24 - h. Suppose u*j = -10 + 42. What is the highest common factor of j and 24?
8
Let p = -546 + 552. What is the greatest common factor of p and 118?
2
Suppose -4*l + 100 = 4*y, 145 = 2*y + 2*y - 5*l. Let q be (-66)/(-88) - (-309)/4. Let a be (-9)/(-21) - q/(-14). What is the highest common factor of y and a?
6
Suppose 0 = -b + 4*z + 15, -b + 1 = -z - 14. Calculate the greatest common factor of b and 6.
3
Let a(l) = -l**3 + 6*l**2 - 9*l + 37. Let x be a(5). Suppose -13*b + x*b = 216. Calculate the greatest common factor of 6 and b.
6
Suppose -3*g = n + g - 23, 2*g + 5 = 5*n. Suppose -r = -m + 25 + n, 3*m - 76 = 5*r. Let q = -6 - -10. Calculate the greatest common divisor of m and q.
4
Let l(t) = t**2 - 11*t - 11. Let o be l(10). Let p = -26 - o. Let f(m) = 2*m**2 + 4*m + 2. Let u be f(p). Calculate the highest common factor of 8 and u.
8
Let y be ((-34)/(-3))/(34/459). Calculate the highest common factor of y and 867.
51
Let w(b) = b + 1. Let u be 0/(-5) - (0 + -1). Let t be w(u). Let g be (-3)/t + (-33)/(-6). Calculate the greatest common factor of 44 and g.
4
Suppose 2*h + 2*h = 0. Suppose -2*v + 0*v + 46 = h. Let q = -153 - -314. Calculate the greatest common factor of q and v.
23
Let k be -2 - (0 + 11 - 1). Let g = k - -20. What is the highest common divisor of 1 and g?
1
Suppose -35*v = -29*v - 192. Suppose -3*l + 5*l - 6 = -4*a, 2*l = -2*a. Let f = l + 11. Calculate the highest common factor of f and v.
8
Let r(w) = -5*w. Let y be r(-8). Let d = 52 - y. What is the greatest common divisor of d and 132?
12
Let v = -42 + 80. Let m = v - 8. Calculate the greatest common divisor of m and 30.
30
Suppose 2*d = -4*q - 126, -q + 3*d = q + 51. Let a = q - -74. Calculate the greatest common divisor of 110 and a.
22
Suppose -4*p = 4*d + 8, -3*d - 8 = -4*p + 12. Let a(h) = 6*h - 4. Let b be a(p). Let y be (-2)/4*2 - -89. What is the highest common factor of y and b?
8
Let z(o) = -o**3 + 4*o**2 + 8*o - 13. Let s be z(4). Suppose -1560 = -s*c - 5*c. Let g be (2 - 1) + (2 - -23). Calculate the greatest common factor of g and c.
13
Suppose 87 = x - u, 2*x = -2*x + 2*u + 350. Suppose 0 = 3*w - 15, -3*k = k + 2*w - 54. What is the greatest common divisor of k and x?
11
Suppose -s + 0 + 11 = 0. Suppose -4*k = g + s, -4*k - 15 = -k. What is the highest common factor of g and 9?
9
Suppose 4*r + 12 = 0, -9 = -5*n + 4*r + 73. What is the highest common factor of n and 308?
14
Suppose -2062 = -25*m - 312. What is the highest common divisor of m and 455?
35
Let x = -1132 + 1135. Calculate the highest common factor of 201 and x.
3
Let f(k) = -k**3 + 17*k**2 - 9*k - 88. Let q be f(16). Calculate the greatest common divisor of q and 88.
8
Let n be -57*(3 - 42/9). Suppose -4*y + 4*h + 34 = -3*y, n = 5*y - 5*h. What is the greatest common divisor of y and 35?
7
Let u(t) = -145*t + 592. Let j be u(4). Let x = 9 - 6. Calculate the highest common divisor of j and x.
3
Let y = 45 + -43. Suppose -3*f - 6*m = -m - 45, 0 = y*f + 5*m - 30. Calculate the greatest common divisor of f and 6.
3
Let o(r) = 8 + 12*r**2 - 53*r**3 - 10*r + 23*r**3 + 29*r**3. Let c be o(11). What is the highest common factor of c and 171?
19
Suppose 48 = 4*g - 4*t, 0*g = 2*g - t - 25. Suppose -j - j = -2. Let s = g + j. What is the highest common divisor of s and 28?
14
Let o be 3 - ((4 - 2) + -3). Let q be o*9 - (29 - 1)/(-7). Calculate the greatest common factor of q and 360.
40
Let n(a) = 22*a**2 + 19*a + 9. Let v be n(3). Calculate the greatest common divisor of 156 and v.
12
Let d(v) = 9*v - 45. Let s be d(6). Suppose 5*j = u - 24, 4*u = -u + 4*j + 57. What is the greatest common divisor of u and s?
9
Let s be -25 + (-1)/((-4)/(-16)). Let y = -21 - s. Suppose -u = 2*j - 16, 5*u - 2 - y = 0. Calculate the highest common divisor of j and 63.
7
Let c be (9/(-4))/(98/(-39984)). What is the highest common divisor of 68 and c?
34
Let a(s) = -7 + 10 - 7 + 9*s + 0*s**2 + s**2. Let x be a(-9). Let d(r) = r**2 - 2*r + 2. Let u be d(x). What is the highest common factor of u and 208?
26
Let z(x) = x + 1. Let p be z(0). Suppose -4*c - 1273 = -389. Let t be c/(-26) - (-2)/(-4). Calculate the highest common divisor of p and t.
1
Let j(y) = -y - 1. Let k be j(-11). Let f = 200 - 90. Calculate the greatest common divisor of f and k.
10
Suppose 7*s - 4 = 101. What is the greatest common divisor of s and 45?
15
Let a = 518 + -486. What is the highest common divisor of a and 928?
32
Let c be (27/6)/(3/4). 